be (-449)/i + 4/12. Calculate the highest common factor of q and 15.
15
Let h(s) = 13*s**3 - 20*s**2 + 59*s - 185. Let d be h(7). What is the highest common divisor of d and 99?
11
Suppose 202*o - 203*o - 5*n = -267, 0 = 4*o - n - 1194. What is the highest common factor of o and 171?
9
Let r(b) = -b**3 - 22*b**2 - 8*b - 100. Let p be r(-22). What is the highest common divisor of p and 931?
19
Let k = -5 + 1. Let z be (102/k)/((-2)/8). Let u = z + 17. What is the greatest common factor of u and 17?
17
Suppose -h - 62380 = -9*h + 10812. Calculate the greatest common divisor of h and 7.
7
Let b(w) = w**3 - 119*w**2 - 367*w + 1100. Let f be b(122). Calculate the highest common divisor of f and 18.
6
Let v(w) = w**2 - 5*w - 40. Let g(i) = i**3 - 6*i**2 + 3*i - 5. Let x be g(6). Let s be v(x). Calculate the greatest common divisor of 64 and s.
64
Let m(l) = 7*l**3 - 4*l**2 + 4*l + 5. Let k be m(2). What is the highest common factor of k and 583?
53
Let d be 0 + 5 + (30 + -5 - 11). What is the highest common factor of 1881 and d?
19
Let v(h) be the first derivative of 8*h**2 - 12 - 1148*h + 1148*h. Let z be v(4). Calculate the highest common factor of 8 and z.
8
Let v be (2/(-4))/(1/(-138)). Suppose -2507 = -59*d - 459 + 666. Calculate the greatest common factor of v and d.
23
Suppose 2*p = 6*p + 4*f - 64, 0 = -2*p - 4*f + 32. Let g = -65 + 145. Let n be (7/(14/g))/1. What is the highest common divisor of p and n?
8
Let q = 1356 - 821. Let p = 540 - q. Suppose -n = 28 - 93. Calculate the greatest common divisor of p and n.
5
Suppose 4*l - 8*l + 2*c + 518 = 0, -512 = -4*l - 4*c. Let q = l - 9. Let y(x) = 6*x + 12. Let n be y(6). What is the highest common divisor of q and n?
24
Suppose 0*k - 4*z + 8 = -3*k, k = -5*z + 10. Suppose -5*d + 21 + 4 = k. Suppose -75 - 95 = -d*u. What is the highest common factor of u and 17?
17
Let t = 3982 - 3520. Calculate the greatest common factor of 1134 and t.
42
Suppose -88*a = 67*a - 34258 + 12868. Calculate the greatest common divisor of 966 and a.
138
Suppose 0 = 2*t + 10, -5*p + 3*t = -2*t + 6990. Let b = 2003 + p. What is the highest common divisor of b and 75?
75
Let o be (-1 + 7)*(-33)/(-22). Suppose 4*z = 3*z - o. Let y = z - -72. Calculate the greatest common factor of 7 and y.
7
Let x = -9516 + 9756. What is the highest common divisor of 588 and x?
12
Suppose i + 2*i = 0. Let l be 3/(54/1364) - (-48)/216. Suppose -4*z - 12 + l = i. Calculate the greatest common divisor of 16 and z.
16
Let r = 5172 + -342. Suppose r = 6*c - 4578. Suppose -c = -5*n - 2*n. Calculate the greatest common factor of 32 and n.
32
Suppose -2*d - m + 836 = 0, 2*d + 14*m = 12*m + 836. Let r = -56 + 94. What is the highest common divisor of d and r?
38
Let d = 86 - 32. Suppose -1526 = -12*b + 2*l, 469 = 4*b + 5*l - 0*l. What is the highest common factor of b and d?
18
Let u = -14939 - -14957. Calculate the highest common factor of u and 44262.
18
Let b = -41 + 77. Let q(o) = 2*o**3 + 12*o**2 + 13*o - 9. Let n be q(-4). Let y be 1406/10 + n + (-18)/(-45). Calculate the highest common factor of b and y.
36
Let n = 544 + -478. Let a be (-1)/3 + 24310/n. What is the highest common divisor of a and 16?
16
Suppose 11 = -4*v - 1. Let j be (-3)/(v*(-3)/(-30)). Let s(u) = -u**3 + 2*u**2 + 28*u - 31. Let o be s(-5). What is the greatest common divisor of o and j?
2
Let o be -12 - -27 - -600 - 10*(-3)/6. Calculate the greatest common factor of o and 60.
20
Let u be (288/15)/((-4)/(-50) - 0). Let h be 5*(0 + u)/8. Calculate the highest common factor of h and 200.
50
Suppose -24199 - 154301 = -30*c. Calculate the greatest common divisor of c and 102.
34
Let l = 16190 - 15965. Calculate the highest common divisor of l and 60.
15
Let h be ((-6)/27)/(-1) - (-5283)/(-81). Let l = -56 - h. Suppose 11*t = l*t + 14. Calculate the highest common factor of t and 63.
7
Suppose 20*r = -r + 819. Let j = 55 - r. What is the greatest common factor of 8 and j?
8
Suppose -3*r + 249 = 3*k, -r + 9 - 773 = -10*k. Calculate the highest common divisor of k and 253.
11
Let f be 80/25*(-20)/8 - -36. Calculate the highest common divisor of f and 658.
14
Suppose 797 = 4*q + 3*r, 5*q = 4*r + 1188 - 184. Suppose 17*m = -3*m + q. Let u = 17 + -7. Calculate the greatest common divisor of m and u.
10
Suppose 0 = a + 3*a - 192. Let i(v) = -v**3 + v**2 - 15*v + 96. Let r be i(0). What is the highest common divisor of r and a?
48
Suppose 4*y + 3618 + 3984 = 2*j, 4*j = 5*y + 15216. What is the greatest common factor of j and 13?
13
Let m be 32/(-4)*(-12)/16. What is the highest common divisor of m and 141?
3
Suppose 3*p = -2 + 20. Let w(m) = m**2 - 27*m. Let a be w(27). Suppose 2*b - b - 9 = a. Calculate the highest common divisor of p and b.
3
Let f = -431 + 438. Suppose -4*y = p - 46 - f, 0 = -3*y + p + 38. What is the highest common divisor of 13 and y?
13
Let o be (-9)/(-8) + (-101370)/(-2480). What is the greatest common divisor of 7798 and o?
14
Suppose t + 2*t + 2*c = 748, -2*t + 520 = -4*c. Suppose -5*u + 10 = 5*f, -4*u + f + 1 = -2*f. Let p = u - -27. What is the greatest common divisor of t and p?
28
Suppose 90*l - 227 - 43 = 0. Calculate the greatest common divisor of l and 417.
3
Let c = -912 + 2148. Suppose 6*g = 2*g + c. Let s = g + -122. Calculate the highest common divisor of s and 17.
17
Suppose 0 = -3*z + 3*d + 383 + 4336, -5*z = -d - 7881. What is the highest common divisor of z and 76?
19
Suppose 2*c + 318 = 6*c - 2*y, -1 = -y. Let v(t) = -4*t + 2. Let h be v(-2). Calculate the greatest common factor of c and h.
10
Let s be (1062 + -1064)/((0 - -2)/(-2)). What is the highest common factor of s and 3518?
2
Suppose 4*k = -17*h + 14*h + 880, 4*h + 5*k = 1175. What is the greatest common factor of h and 10?
10
Let k = 2170 - -9650. Calculate the highest common divisor of 40 and k.
20
Suppose k - 30 = 23. Let x be (-1323)/(-5) + (-6)/(-15). What is the greatest common factor of x and k?
53
Let m(x) = -x**3 - 8*x**2 + 7*x + 2. Suppose 3*p = 7*p + 36. Let o be m(p). Suppose j + o = 6*j. Calculate the greatest common divisor of j and 36.
4
Let f(o) = 2*o**2 - 10*o + 381. Let y be f(49). What is the highest common divisor of y and 13?
13
Suppose 0*y = -4*y + 3*x + 11067, 5*y + 4*x = 13795. Calculate the greatest common divisor of y and 9.
9
Suppose 2*m = -4*r + 266, 9 = 2*r + 5*m - 136. Let a be (-1)/6 + 43688/48. Calculate the highest common factor of r and a.
65
Suppose -599*c = 4*j - 597*c - 1524, 2*c = 3*j - 1136. What is the highest common factor of 2185 and j?
95
Let r(c) = c**2 - 39*c + 121. Let n be r(36). Suppose 100 = 4*t - 2*t. Let l = t + n. Calculate the greatest common factor of l and 7.
7
Suppose -c + 38 = -2*z - 16, 0 = -3*c - 2*z + 138. Let o = -361444 + 361648. Calculate the highest common factor of c and o.
12
Let k = -174 + 80. Let z = -138 - k. Let t = 52 + z. What is the highest common divisor of t and 12?
4
Suppose -4*j - 5*z + 17754 = 0, -13*j = -17*j + 4*z + 17808. Calculate the greatest common divisor of j and 78.
78
Let p(d) = -50*d - 4. Let l be p(-4). Let j be (-2)/(3239/(-14378) + 4/26). Calculate the highest common divisor of l and j.
28
Let z be 15/2 + (-7)/14. Let a(g) = -g**3 - 8*g**2 - 25*g - 199. Let k be a(-8). What is the greatest common factor of k and z?
1
Suppose -3*i = 5*j - 656 - 356, -810 = -4*j - 2*i. Let m = 581 - j. What is the greatest common divisor of m and 84?
42
Let n be (-35 - -31) + (-72)/(-2). Suppose 41*h - n*h - 72 = 0. What is the greatest common factor of h and 296?
8
Let p(t) = t**2 + 2*t + 21. Suppose -6*y + y = 2*x - 17, 2*y = -5*x - 10. Let z be p(y). Let j = -19 + 61. Calculate the greatest common factor of j and z.
14
Let x(o) = o**2 - 6*o + 17. Let u be x(5). Let g be -25*u*((-204)/18 + 11). What is the greatest common factor of g and 12?
4
Suppose 3446 = y - 5*a - 1279, -2*y = 5*a - 9420. What is the greatest common divisor of 410 and y?
205
Let y(o) = -o. Let t be y(-5). Let s(u) = -241*u**2 + 488*u**2 + 35 - 246*u**2 - 36*u + 9*u. Let j be s(27). What is the highest common divisor of j and t?
5
Let w = 232 + 170. Suppose -397*l - 240 = -w*l. Calculate the highest common factor of 36 and l.
12
Suppose -2*k - 40 = -10*k. Suppose k*x + 5*p = p + 317, -p = 5*x - 323. Suppose -d + x = -0*d. Calculate th